44867
What are the prime factors of 3756985?
5, 349, 2153
List the prime factors of 231309.
3, 13, 659
List the prime factors of 7741.
7741
List the prime factors of 7737667.
7, 61, 18121
What are the prime factors of 264807?
3, 29423
What are the prime factors of 17712098?
2, 29, 31, 9851
List the prime factors of 14188568.
2, 1773571
What are the prime factors of 6084645?
3, 5, 7, 167, 347
List the prime factors of 1024384.
2, 53, 151
List the prime factors of 261335.
5, 52267
List the prime factors of 105214.
2, 31, 1697
List the prime factors of 9262492.
2, 53, 43691
What are the prime factors of 4147802?
2, 2073901
What are the prime factors of 487447?
487447
What are the prime factors of 3189?
3, 1063
List the prime factors of 545732.
2, 11, 79, 157
What are the prime factors of 108861?
3, 131, 277
What are the prime factors of 1415589?
3, 7, 67409
List the prime factors of 98124.
2, 3, 13, 17, 37
What are the prime factors of 9917322?
2, 3, 1652887
List the prime factors of 639109.
43, 89, 167
List the prime factors of 206638.
2, 103319
What are the prime factors of 1856532?
2, 3, 131, 1181
What are the prime factors of 8165?
5, 23, 71
List the prime factors of 15496382.
2, 11, 29, 107, 227
What are the prime factors of 1634639?
107, 15277
List the prime factors of 455341.
455341
List the prime factors of 14601096.
2, 3, 17, 79, 151
What are the prime factors of 36407993?
401, 90793
What are the prime factors of 56129?
37, 41
What are the prime factors of 656534?
2, 463, 709
What are the prime factors of 669907?
7, 95701
What are the prime factors of 1439910?
2, 3, 5, 5333
List the prime factors of 434192.
2, 11, 2467
What are the prime factors of 425064?
2, 3, 89, 199
What are the prime factors of 30364?
2, 7591
What are the prime factors of 1846501?
83, 22247
List the prime factors of 18832137.
3, 139, 45161
What are the prime factors of 528068?
2, 97, 1361
What are the prime factors of 517696?
2, 8089
What are the prime factors of 1378361?
37, 37253
What are the prime factors of 3519328?
2, 71, 1549
What are the prime factors of 7482256?
2, 467641
What are the prime factors of 2366811?
3, 19, 13841
List the prime factors of 177052.
2, 44263
What are the prime factors of 149431?
23, 73, 89
List the prime factors of 529166.
2, 11, 67, 359
What are the prime factors of 2570724?
2, 3, 13, 1831
What are the prime factors of 765005?
5, 153001
What are the prime factors of 10251835?
5, 11, 186397
List the prime factors of 16951828.
2, 23, 184259
List the prime factors of 309373.
23, 13451
What are the prime factors of 6700422?
2, 3, 751, 1487
List the prime factors of 299357.
299357
What are the prime factors of 243126?
2, 3, 13, 1039
List the prime factors of 17532519.
3, 43, 135911
What are the prime factors of 3258053?
3258053
List the prime factors of 2323713.
3, 7, 17, 23, 283
List the prime factors of 163368.
2, 3, 2269
List the prime factors of 8715721.
7, 1245103
List the prime factors of 16175825.
5, 647033
List the prime factors of 2210100.
2, 3, 5, 53, 139
List the prime factors of 9842168.
2, 7, 175753
What are the prime factors of 1470914?
2, 127, 5791
What are the prime factors of 5239603?
5239603
List the prime factors of 7276557.
3, 41, 59159
What are the prime factors of 340781?
7, 89, 547
List the prime factors of 8106449.
13, 263, 2371
List the prime factors of 13030475.
5, 37, 14087
List the prime factors of 128589.
3, 42863
What are the prime factors of 2308749?
3, 89, 8647
What are the prime factors of 20233116?
2, 3, 263, 2137
What are the prime factors of 1401125?
5, 11, 1019
What are the prime factors of 922225?
5, 37, 997
What are the prime factors of 2695388?
2, 31, 21737
What are the prime factors of 275450?
2, 5, 7, 787
What are the prime factors of 1260805?
5, 7, 13, 17, 163
What are the prime factors of 335851?
263, 1277
List the prime factors of 13571417.
13571417
What are the prime factors of 526699?
19, 1459
What are the prime factors of 204741?
3, 7583
What are the prime factors of 14456872?
2, 19, 95111
What are the prime factors of 13915929?
3, 71, 79, 827
List the prime factors of 2609309.
2609309
List the prime factors of 1184171.
1184171
List the prime factors of 31837704.
2, 3, 23, 137, 421
List the prime factors of 123339.
3, 41113
What are the prime factors of 406920?
2, 3, 5, 3391
List the prime factors of 321326.
2, 160663
List the prime factors of 162625.
5, 1301
What are the prime factors of 585098?
2, 292549
What are the prime factors of 11229115?
5, 107, 139, 151
What are the prime factors of 309921?
3, 103307
List the prime factors of 12953979.
3, 479777
List the prime factors of 2926194.
2, 3, 71, 6869
What are the prime factors of 12826743?
3, 113, 157, 241
List the prime factors of 2434870.
2, 5, 243487
List the prime factors of 5563801.
37, 150373
What are the prime factors of 1827661?
11, 166151
What are the prime factors of 994530?
2, 3, 5, 33151
What are the prime factors of 406437?
3, 135479
List the prime factors of 2837630.
2, 5, 283763
List the prime factors of 185086.
2, 11, 47, 179
List the prime factors of 400767.
3, 19, 79, 89
What are the prime factors of 22285302?
2, 3, 13, 285709
List the prime factors of 61557.
3, 17, 71
What are the prime factors of 1468318?
2, 734159
List the prime factors of 4981527.
3, 17, 10853
What are the prime factors of 499816?
2, 62477
What are the prime factors of 298664?
2, 37, 1009
What are the prime factors of 198741?
3, 31, 2137
List the prime factors of 888314.
2, 7, 107, 593
What are the prime factors of 120589?
7, 23, 107
List the prime factors of 1437727.
523, 2749
What are the prime factors of 270246?
2, 3, 73, 617
What are the prime factors of 2818244?
2, 11, 13, 379
List the prime factors of 7137180.
2, 3, 5, 13217
What are the prime factors of 606100?
2, 5, 11, 19, 29
What are the prime factors of 10430114?
2, 5215057
What are the prime factors of 3082945?
5, 616589
What are the prime factors of 339033?
3, 113011
What are the prime factors of 3342033?
3, 41, 3019
List the prime factors of 1246625.
5, 9973
What are the prime factors of 224921?
224921
List the prime factors of 308161.
7, 19, 331
List the prime factors of 809945.
5, 23, 7043
What are the prime factors of 1779141?
3, 7, 13, 19
What are the prime factors of 133470?
2, 3, 5, 1483
List the prime factors of 94700.
2, 5, 947
What are the prime factors of 4928052?
2, 3, 410671
List the prime factors of 2935867.
11, 266897
What are the prime factors of 59287?
101, 587
List the prime factors of 119881.
119881
What are the prime factors of 1659918?
2, 3, 13, 1637
List the prime factors of 165521.
103, 1607
What are the prime factors of 760320?
2, 3, 5, 11
List the prime factors of 334429.
334429
What are the prime factors of 1160209?
37, 31357
List the prime factors of 3077269.
13, 236713
List the prime factors of 3289916.
2, 7, 117497
What are the prime factors of 1469476?
2, 367369
What are the prime factors of 224618?
2, 19, 23, 257
What are the prime factors of 522669?
3, 7, 24889
List the prime factors of 303744.
2, 3, 7, 113
List the prime factors of 979246.
2, 421, 1163
What are the prime factors of 540642?
2, 3, 90107
What are the prime factors of 288485?
5, 57697
What are the prime factors of 16340029?
739, 22111
What are the prime factors of 30319981?
1091, 27791
What are the prime factors of 36726432?
2, 3, 382567
List the prime factors of 491802.
2, 3, 81967
What are the prime factors of 10783375?
5, 281, 307
List the prime factors of 1962562.
2, 7, 103, 1361
List the prime factors of 1006174.
2, 13, 38699
What are the prime factors of 913362?
2, 3, 191, 797
What are the prime factors of 9812049?
3, 13, 47, 53, 101
List the prime factors of 42493.
11, 3863
List the prime factors of 117240.
2, 3, 5, 977
List the prime factors of 56702.
2, 28351
What are the prime factors of 442415?
5, 19, 4657
What are the prime factors of 16178991?
3, 769, 7013
List the prime factors of 20968296.
2, 3, 97, 9007
List the prime factors of 151014.
2, 3, 25169
What are the prime factors of 576023?
7, 19, 61, 71
List the prime factors of 267531.
3, 11, 67
What are the prime factors of 12987030?
2, 3, 5, 7, 61843
What are the prime factors of 822244?
2, 19, 31, 349
What are the prime f